 by 36.
3
What is the remainder when 991 is divided by 31?
30
Calculate the remainder when 4879 is divided by 40.
39
Calculate the remainder when 847 is divided by 26.
15
Calculate the remainder when 5400 is divided by 193.
189
Calculate the remainder when 284 is divided by 137.
10
What is the remainder when 483 is divided by 97?
95
What is the remainder when 348 is divided by 10?
8
What is the remainder when 2708 is divided by 444?
44
Calculate the remainder when 136 is divided by 32.
8
What is the remainder when 1030 is divided by 47?
43
What is the remainder when 196 is divided by 66?
64
What is the remainder when 2256 is divided by 5?
1
Calculate the remainder when 2599 is divided by 376.
343
Calculate the remainder when 82 is divided by 7.
5
Calculate the remainder when 152 is divided by 11.
9
What is the remainder when 104 is divided by 53?
51
What is the remainder when 793 is divided by 108?
37
Calculate the remainder when 217 is divided by 55.
52
What is the remainder when 516 is divided by 26?
22
What is the remainder when 233 is divided by 26?
25
What is the remainder when 519 is divided by 52?
51
Calculate the remainder when 192 is divided by 44.
16
What is the remainder when 753 is divided by 245?
18
What is the remainder when 17090 is divided by 263?
258
Calculate the remainder when 518 is divided by 10.
8
Calculate the remainder when 526 is divided by 520.
6
Calculate the remainder when 1822 is divided by 73.
70
Calculate the remainder when 3052 is divided by 1526.
0
What is the remainder when 447 is divided by 85?
22
Calculate the remainder when 69 is divided by 19.
12
What is the remainder when 32 is divided by 7?
4
Calculate the remainder when 77 is divided by 73.
4
Calculate the remainder when 2235 is divided by 161.
142
What is the remainder when 50 is divided by 46?
4
What is the remainder when 3614 is divided by 54?
50
Calculate the remainder when 12 is divided by 6.
0
Calculate the remainder when 49 is divided by 16.
1
What is the remainder when 311 is divided by 34?
5
What is the remainder when 314 is divided by 127?
60
Calculate the remainder when 62 is divided by 11.
7
What is the remainder when 174 is divided by 61?
52
Calculate the remainder when 412 is divided by 53.
41
What is the remainder when 789 is divided by 43?
15
Calculate the remainder when 135 is divided by 34.
33
What is the remainder when 1164 is divided by 130?
124
What is the remainder when 2454 is divided by 5?
4
What is the remainder when 4477 is divided by 7?
4
What is the remainder when 38 is divided by 10?
8
Calculate the remainder when 3794 is divided by 13.
11
Calculate the remainder when 34727 is divided by 230.
227
What is the remainder when 91 is divided by 8?
3
What is the remainder when 146 is divided by 50?
46
What is the remainder when 792 is divided by 35?
22
Calculate the remainder when 40713 is divided by 17.
15
Calculate the remainder when 61 is divided by 52.
9
Calculate the remainder when 312 is divided by 63.
60
Calculate the remainder when 516 is divided by 267.
249
Calculate the remainder when 377 is divided by 65.
52
What is the remainder when 89 is divided by 63?
26
What is the remainder when 117 is divided by 38?
3
Calculate the remainder when 131 is divided by 12.
11
What is the remainder when 897 is divided by 84?
57
What is the remainder when 267 is divided by 85?
12
Calculate the remainder when 106 is divided by 40.
26
What is the remainder when 193 is divided by 115?
78
Calculate the remainder when 104 is divided by 56.
48
Calculate the remainder when 6101 is divided by 7.
4
Calculate the remainder when 1445 is divided by 72.
5
Calculate the remainder when 15 is divided by 14.
1
Calculate the remainder when 57 is divided by 13.
5
Calculate the remainder when 1316 is divided by 26.
16
What is the remainder when 28 is divided by 16?
12
What is the remainder when 3132 is divided by 43?
36
Calculate the remainder when 1480 is divided by 211.
3
What is the remainder when 880 is divided by 26?
22
Calculate the remainder when 1172 is divided by 13.
2
What is the remainder when 59 is divided by 16?
11
What is the remainder when 488 is divided by 32?
8
What is the remainder when 204 is divided by 67?
3
What is the remainder when 48 is divided by 8?
0
What is the remainder when 6718 is divided by 96?
94
What is the remainder when 22 is divided by 1?
0
What is the remainder when 965 is divided by 450?
65
Calculate the remainder when 143 is divided by 21.
17
What is the remainder when 373 is divided by 113?
34
Calculate the remainder when 619 is divided by 10.
9
What is the remainder when 1957 is divided by 282?
265
Calculate the remainder when 2794 is divided by 56.
50
Calculate the remainder when 43 is divided by 16.
11
What is the remainder when 283 is divided by 32?
27
Calculate the remainder when 977 is divided by 971.
6
What is the remainder when 384 is divided by 43?
40
Calculate the remainder when 792 is divided by 329.
134
What is the remainder when 1227 is divided by 8?
3
What is the remainder when 479 is divided by 30?
29
What is the remainder when 343 is divided by 235?
108
Calculate the remainder when 8206 is divided by 12.
10
What is the remainder when 150 is divided by 39?
33
What is the remainder when 109 is divided by 14?
11
What is the remainder when 194 is divided by 98?
96
Calculate the remainder when 1771 is divided by 440.
11
What is the remainder when 124 is divided by 70?
54
Calculate the remainder when 5405 is divided by 26.
23
Calculate the remainder when 2204 is divided by 1100.
4
What is the remainder when 1914 is divided by 6?
0
What is the remainder when 18579 is divided by 45?
39
What is the remainder when 164 is divided by 55?
54
What is the remainder when 127 is divided by 46?
35
What is the remainder when 519 is divided by 131?
126
What is the remainder when 1033 is divided by 93?
10
Calculate the remainder when 6158 is divided by 16.
14
What is the remainder when 206 is divided by 86?
34
What is the remainder when 161 is divided by 34?
25
What is the remainder when 12969 is divided by 141?
138
Calculate the remainder when 28 is divided by 10.
8
Calculate the remainder when 174 is divided by 35.
34
Calculate the remainder when 1837 is divided by 99.
55
Calculate the remainder when 536 is divided by 132.
8
Calculate the remainder when 324 is divided by 13.
12
Calculate the remainder when 82 is divided by 40.
2
What is the remainder when 121 is divided by 16?
9
What is the remainder when 331 is divided by 70?
51
Calculate the remainder when 425 is divided by 153.
119
Calculate the remainder when 2282 is divided by 66.
38
Calculate the remainder when 346 is divided by 58.
56
What is the remainder when 120 is divided by 39?
3
Calculate the remainder when 326 is divided by 56.
46
Calculate the remainder when 366 is divided by 131.
104
Calculate the remainder when 646 is divided by 26.
22
Calculate the remainder when 546 is divided by 50.
46
Calculate the remainder when 2757 is divided by 31.
29
What is the remainder when 152 is divided by 13?
9
What is the remainder when 3443 is divided by 33?
11
What is the remainder when 80 is divided by 29?
22
Calculate the remainder when 937 is divided by 239.
220
What is the remainder when 416 is divided by 144?
128
What is the remainder when 169 is divided by 85?
84
What is the remainder when 5134 is divided by 12?
10
What is the remainder when 95 is divided by 52?
43
What is the remainder when 122 is divided by 2?
0
Calculate the remainder when 393 is divided by 21.
15
Calculate the remainder when 135 is divided by 40.
15
What is the remainder when 1019 is divided by 114?
107
What is the remainder when 906 is divided by 9?
6
Calculate the remainder when 1062 is divided by 212.
2
Calculate the remainder when 860 is divided by 15.
5
What is the remainder when 46 is divided by 16?
14
Calculate the remainder when 596 is divided by 39.
11
Calculate the remainder when 63 is divided by 24.
15
What is the remainder when 149 is divided by 31?
25
What is the remainder when 111 is divided by 52?
7
Calculate the remainder when 880 is divided by 49.
47
Calculate the remainder when 174 is divided by 44.
42
What is the remainder when 885 is divided by 227?
204
What is the re